 What is the tens digit of m(x)?
1
Let b = -26 + 540. What is the hundreds digit of b?
5
Let l(d) = 4*d + 2. Let q be l(-3). Let x = q + 13. Suppose -4*g = b - 8*g + 13, x*b - 1 = 2*g. What is the units digit of b?
3
Suppose 0 = 3*m + 4*z - 6940, -12 = -7*z + 4*z. What is the thousands digit of m?
2
Suppose -5*x - 5*j - 15 = 0, -2*x + 6 = -2*j - 0. Suppose 3*r - 25 - 32 = x. Let u = 10 + r. What is the tens digit of u?
2
Let d = 795 + -317. What is the hundreds digit of d?
4
Suppose -1225 = -0*v - v - 4*x, -4*v - x + 4900 = 0. What is the tens digit of v?
2
Suppose 0 = -3*p - 5*n + 2968, p - 526 - 458 = n. What is the tens digit of p?
8
Suppose -z - 3 = 2*x - 40, 3*x - 50 = 4*z. Suppose 2 = -2*i + x. Suppose -4*p + i*p + 80 = 4*d, d + 5*p = 26. What is the units digit of d?
1
Let h be (-52)/39 - 2/(-6). Let j be h/(-2 - 0)*230. Let k = -70 + j. What is the units digit of k?
5
Let a be 8/12*12 + 0. Suppose -x = -t + a, 10 = -3*x + x. Suppose 53 = t*u - 19. What is the units digit of u?
4
Let u = -42 + 55. Suppose -t + v = -98, 3*t = v + u + 275. What is the tens digit of t?
9
Let k(n) be the second derivative of 29*n**4/12 + n**3/2 + n**2 + 2*n. Suppose -15*d - 16 = -1. What is the tens digit of k(d)?
2
Let d(q) = 61*q**2 - 28*q - 90. What is the tens digit of d(-3)?
4
Let d(o) = o**2. Let x be d(4). Suppose 0 = p + 13 - x. Suppose -3*j - j - 71 = -p*b, -4*b + 132 = 4*j. What is the tens digit of b?
2
What is the hundreds digit of (-3 - (-6 + 5)) + 191?
1
Suppose -h = h - 10. Suppose 3*u = -h*k + 406, 0 = u + 3*u + 12. What is the units digit of k?
3
Suppose 15*i - 16660 = -5*i. What is the tens digit of i?
3
Let h(z) = 3*z**2 - 7*z - 12. Let y(s) = 13*s**2 - 29*s - 48. Let a(j) = -9*h(j) + 2*y(j). Let m be a(7). What is the units digit of 182/28 - 3/m?
8
Suppose 0 = -886*m + 888*m - 1858. What is the hundreds digit of m?
9
Let r(k) = k**3 + 4*k**2 - 6*k + 8. Let x be r(-6). Let t(l) = l**2 + 8*l + 9. Let i be t(-6). Let m = i - x. What is the units digit of m?
5
Suppose -2*y - 4*y = -180. Let o = y - 42. What is the tens digit of o/42 + (-606)/(-14)?
4
Let n = 157 + -2. Let o = 269 - n. What is the tens digit of o?
1
Suppose -293 = -v - 3*n + 124, 2117 = 5*v - n. Let q = -242 + v. What is the units digit of q?
1
Let m = -257 - -815. What is the tens digit of m?
5
Suppose -38*w + 10362 = -10044. What is the units digit of w?
7
Suppose 5*g + 15 = 0, -4*s + 7*s - 4*g - 2541 = 0. What is the hundreds digit of s?
8
Suppose 4*y + 3*c = 42, 5*y + 2*c + c = 54. Let u be ((-130)/(-4))/((-6)/y). Let k = 95 + u. What is the units digit of k?
0
Suppose 10*f = -f + 253. Let w = f + -5. What is the tens digit of w?
1
Suppose -2*s = -4*s - 100. Let r = -30 - s. Let i = 53 - r. What is the tens digit of i?
3
Let o(k) = 12 - 4*k + 4 - 6 + 26. What is the units digit of o(6)?
2
Let h be 3/5*60/18. Suppose -3*a = 5*s - 541, -h*a + 28 = 2*s - 334. What is the units digit of a?
2
Let a = 2079 + -1475. Suppose 7*w - 880 = a. What is the hundreds digit of w?
2
Suppose 14*a + 2*a = 9472. What is the tens digit of a?
9
Suppose 47 = -5*v - 43. Let n(u) = -4*u - 39. What is the tens digit of n(v)?
3
Suppose 18 = 2*k + 5*t - 42, 110 = 4*k + 5*t. Suppose -26*d = -k*d - 178. What is the units digit of d?
8
Suppose -r - 2*c = -1098, 2*c - 5482 = 3*r - 8*r. What is the tens digit of r?
9
Suppose 4*c - 12871 = -3*f, -2*c + 5*f - 16095 = -7*c. What is the thousands digit of c?
3
Let n(g) = 13*g**2 + g + 4. Let l(t) = -13*t**2 - t - 3. Let u(k) = -2*l(k) - 3*n(k). Let q be u(3). What is the tens digit of q/4*(-6)/9?
2
Let n(q) = q**2 - 11*q - 15. Let a be n(12). What is the tens digit of 3 - (459/a)/3?
5
Let p(v) = 2*v**3 - 54*v**2 + 29*v - 25. What is the hundreds digit of p(27)?
7
Let w = -27 + 10. What is the units digit of w/(-5) - 30/(-50)?
4
Let b(a) = -a**2 + 5*a - 1. Let w be b(4). Suppose -20 = -w*v - 2*v. Suppose -4 = -v*d + 12. What is the units digit of d?
4
Let f(w) = 7*w**2 - 2*w + 9*w**2 + w**2 - 36 + 37 - 2*w**2. Let n be 2/7 - (-10)/14. What is the units digit of f(n)?
4
Let a(o) = o**3 + 4*o**2 + 3*o + 3. Let c be a(-3). Suppose 8*l = -c*l + 1705. What is the hundreds digit of l?
1
Let v(q) = 77*q + 212. What is the thousands digit of v(15)?
1
Let y(b) = -4*b**3 + 11*b**2 + 5*b - 17. Let o(m) = m**3 - 4*m**2 - 2*m + 6. Let z(f) = -11*o(f) - 4*y(f). What is the units digit of z(2)?
6
Suppose -b - b - u - 19 = 0, 0 = 5*u + 25. Let s(d) = -10*d - 2. What is the tens digit of s(b)?
6
Suppose -c = -5*y + 4*y - 172, 4*c - 684 = 5*y. Suppose 0 = -6*j + 34 + c. What is the tens digit of j?
3
What is the hundreds digit of 949/4 + (-8)/32?
2
Suppose -5*u + 7420 = -5*l, -2*l - 670 = -3*u + 3785. What is the hundreds digit of u?
4
Let m = -1133 + 2090. What is the units digit of m?
7
Suppose j = -5*w - 34 - 34, 4*j = 4*w + 40. Let g(b) = b**3 + 16*b**2 + 31*b + 23. What is the units digit of g(w)?
7
Let t(b) = -4. Let w(f) = -f + 5. Let i(z) = 4*t(z) + 3*w(z). What is the tens digit of i(-7)?
2
Suppose 2*r + 7 = r. Let q = 3 + r. What is the units digit of (-2)/q*(42 + 6)?
4
Suppose -u + 5 - 1 = 0, -2*q - 2*u + 1096 = 0. Let g = -13 + 25. What is the tens digit of 6/9 + q/g?
4
Suppose j + 2*l - 70 = 0, -310 = -4*j - 2*l - 0*l. What is the units digit of j?
0
Suppose 3*k = 24*o - 29*o + 1016, 0 = -3*k - 3*o + 1020. What is the tens digit of k?
4
Let s(k) = 5*k**3 - 5*k**3 - 10*k**2 - k**3 + 11 - 8*k + 0*k. Let r be s(-9). Suppose -5*v + 39 = w, -4*w + r*v + 0*v = -222. What is the units digit of w?
4
Suppose -5 = -3*a + 2*i, a = 2*i - i + 2. Let b be a/((-21)/(-6) + -3). Suppose 2*f = b*n + f - 48, -5*n = -2*f - 121. What is the tens digit of n?
2
Let g(i) be the first derivative of 13*i**3/3 - 3*i**2/2 - 10*i + 42. What is the hundreds digit of g(-4)?
2
Let w be 3 + ((-2)/(-1))/(-2). Suppose 0 = -2*d - w*d + 116. What is the tens digit of d?
2
Let q = -3514 - -7673. What is the units digit of q?
9
Suppose -2*z - 2*z - n + 95 = 0, z - 3*n = 40. Let p = z + -23. Suppose 0*f = f + 5*x - 43, -86 = -p*f + x. What is the units digit of f?
3
Let a(u) = u**3 + 10*u**2 - 11*u - 4. Let z be a(-11). Let t(h) = -49*h + 55. What is the units digit of t(z)?
1
Suppose -r + 4*z + 19 = 0, -3*r - 4*z - 38 = -15. What is the units digit of -3 - 1/(r/86)?
3
Let o be 3/4 - 21/(-4). Suppose -10 - o = 2*f. What is the units digit of (33 + 1)/((-16)/f)?
7
Suppose -7*i = -4*i - 1218. Suppose -i = -7*c + 343. What is the hundreds digit of c?
1
Suppose 3*p + 63 = -4*j - 0*p, -3*j - 42 = -3*p. What is the tens digit of 776/12 + 10/j?
6
Let h(p) = 5*p**2 - p - 3. Let a(v) = -v**2 + v. Let s(g) = 3*a(g) + h(g). What is the units digit of s(-7)?
1
Let w(u) = u**2 + 6*u + 7. Let g be w(-6). Let l(q) = 1 + 2 + g*q - 8*q + 1. What is the units digit of l(0)?
4
Let k = 53 + -50. What is the hundreds digit of (132 - (1 + -4)) + k/1?
1
Let o be 33 + 1/((-2)/4). Suppose -2*a = -2*u + 34, a = 2*u - 2*a - o. What is the units digit of u?
0
Let x = -53 + 78. Suppose 0 = 3*g + 2*g - x. Suppose -3 = -3*a, -163 = -5*u + u + g*a. What is the units digit of u?
2
Suppose -9 = 2*g - c, 5*g = 3*g - c - 11. Let w be 15*(-2)/(g + -1). Suppose w*s + 0*s = -3*r + 38, 1 = r + 4*s. What is the tens digit of r?
2
Suppose 4*z - 8*z = m - 126, 2*z + 272 = 2*m. Suppose -4*q - 2*j + 182 = 0, -3*j + 7*j = -3*q + m. Let a = 13 + q. What is the units digit of a?
9
What is the hundreds digit of 7 + -2 - (-1373 - (-6)/3)?
3
Suppose 0 = -6*l + 4*l - 122. What is the units digit of 1 - 3 - 1 - l?
8
Suppose -4*l - 24 = -l. Let o be 12/16 - (-414)/l. Let h = -24 - o. What is the tens digit of h?
2
Let z = -356 + 48. What is the units digit of (-9)/(-2) + -3 - z/8?
0
Let r(m) = -2*m**3 - 4*m**2 + 9*m + 41. What is the hundreds digit of r(-6)?
2
Let x(b) = b**2 + 4*b + 2. Let n be x(-4). Let t be -30*(-3)/12*n. What is the units digit of (-242)/(-8) + t/20?
1
Suppose 3*g = -h + 613, -2*h - 8*g + 3*g + 1229 = 0. What is the hundreds digit of h?
6
Suppose -3*b - 114 = -102, 2*z - b - 602 = 0. What is the hundreds digit of z?
2
Suppose o = -90 - 38. Let s = o + 231. Suppose 7 + s = 5*q. What is the tens digit of q?
2
Let t(j) = -496*j + 540. What is the hundreds digit of t(-5)?
0
Suppose 4*f = -3*o + 2, 2*o + 2*f = 6*o + 12. Let a(n) = -n*